(-1)/(-4))/((-2)/i). Suppose u - 30 = -5*d, 14 + b = 3*u. What is the remainder when 9 is divided by d?
4
Let q(i) = i**2 + 4*i - 8. Let u be q(-6). Suppose -u*m - 4 = -236. Calculate the remainder when m is divided by 20.
18
Let m = -48 - -59. Let j(o) be the first derivative of o**4/4 + 5*o**3/3 - 5*o**2/2 - 5*o - 1. Calculate the remainder when j(-4) is divided by m.
9
Suppose -2*m + 62 = -3*l + 175, -3*m = l - 34. Let b = -9 - -28. Calculate the remainder when l is divided by b.
18
Suppose -2*m + 255 = 3*d - m, 170 = 2*d + 2*m. Calculate the remainder when d + -10 + 2 + 0 is divided by 20.
17
Let q(k) = k**2 + 7*k + 5. Let d be q(-6). Let r = 0 - d. Calculate the remainder when 3 is divided by r.
0
Let m(c) = c**2 + 4*c - 2. Let y be m(5). Suppose 4*p - 21 = y. Calculate the remainder when 45 is divided by p.
13
Let n = -10 - -54. Suppose 0 = -4*o + 92. Calculate the remainder when n is divided by o.
21
Suppose 4*j = 4*f - 68, -j = -5*j - 8. What is the remainder when 43 is divided by f?
13
Suppose -5*b + 31 = f, -2*f = -2*b + b - 18. Suppose 5*l + f = 26, -3*l - 91 = -2*u. What is the remainder when u is divided by -19*(-18)/26 + (-22)/143?
11
Let o(q) = q**3 + 8*q**2 - 7*q - 19. Calculate the remainder when o(-8) is divided by 4.
1
Let a(i) = -i**2 - 7*i - 7. What is the remainder when 27 is divided by a(-5)?
0
Suppose 0 = 2*t + t - 27. Suppose -2 = l - t. What is the remainder when 26 is divided by l?
5
Let x = 9 + 9. Suppose -4*m - 3*s = -84 - 265, -325 = -4*m + 5*s. Let o = m - 50. Calculate the remainder when o is divided by x.
17
Let g = -12 + 6. What is the remainder when (-6)/(-4)*(-164)/g is divided by 14?
13
Let x be (-5)/1*(-2 - -3). Suppose 2*y = 5*y + c - 113, -c = 4. What is the remainder when y is divided by -1 - (x - -2) - -18?
19
Let o = 57 + -22. Suppose -4*p + 4 = -2*f, -f = 5*p + 4*f - o. Suppose -p*d + 50 = 2*d. Calculate the remainder when 19 is divided by d.
9
Let o(c) = -5 + 2*c - c + 4 - 1. What is the remainder when 4 is divided by o(5)?
1
Let u(n) = -n**3 - 11*n**2 - 20*n - 3. Calculate the remainder when 57 is divided by u(-9).
12
Let m be (124/5)/(2/5). What is the remainder when (m/8)/(1/4) is divided by 8?
7
Suppose c - 12 = 2*y - 37, -105 = 5*c - 5*y. What is the remainder when (3 + c/3)*-18 is divided by 25?
23
Suppose -2*t + 77 = 9*t. What is the remainder when t is divided by 2?
1
Let l(w) = -w**3 - 7*w**2 - 12*w + 2. Calculate the remainder when l(-5) is divided by 4.
0
Let j = 22 + 29. What is the remainder when j is divided by 13?
12
Suppose 0 = -2*a - 2*u - 40, 0 = -3*a + 5*u - 11 - 49. What is the remainder when 13 is divided by (-3)/(-2)*a/(-6)?
3
Suppose 3*u - 75 = 36. Suppose -2*f + 35 = -f + 5*p, 0 = 5*f - 2*p - 40. What is the remainder when u is divided by f?
7
Let y(i) be the third derivative of i**5/30 + i**4/12 + i**3/3 - i**2. What is the remainder when y(-3) is divided by 4?
2
Let y = 18 + -12. Suppose 2*b = y*b - 304. Calculate the remainder when b is divided by 20.
16
What is the remainder when 57 is divided by (32 - 0) + (-5)/(-5)?
24
Let k = 7 - 2. Suppose -5*h + h = -3*s + 53, 0 = -s - 5*h + k. Let x = 111 + -67. What is the remainder when x is divided by s?
14
Suppose -4*t + 165 = t. Suppose -t = -2*h + 13. What is the remainder when h is divided by 2/(-5) - (-42)/5?
7
Let x(o) = -3*o + 6. Let r be x(4). Let g(t) = t - 7. Let p be g(r). Let s = p + 24. What is the remainder when s is divided by 6?
5
Let h = -79 - -90. What is the remainder when 19 is divided by h?
8
What is the remainder when (27 + -11)*(4 - 2) is divided by 7?
4
Let l(m) = -5*m**2 - 10*m + 10. Let b(o) = -14*o**2 - 29*o + 31. Let r(p) = 4*b(p) - 11*l(p). Calculate the remainder when r(-6) is divided by 4.
2
Suppose -4*f = -11 + 3. Suppose w + 15 = 6*w. Calculate the remainder when ((-10)/(-6))/(1/w) is divided by f.
1
Suppose 8*u - 9*u - 38 = 0. Let n = u - -118. Calculate the remainder when n is divided by 27.
26
Suppose -s + 2*i - 5 + 9 = 0, 2*s = -2*i + 14. Suppose 5*g + 12 = -4*v, -5*v - 9 = 3*g + 6. Let h = 11 + g. What is the remainder when h is divided by s?
5
Suppose -4*n + 73 = -r - 94, -2*n - 2*r + 86 = 0. What is the remainder when n is divided by 15?
12
Let x(l) = 3*l + 9 + l - 9. Calculate the remainder when 6 is divided by x(1).
2
Let k(g) = g**3 - 6*g**2 + 7*g - 5. What is the remainder when 6 is divided by k(5)?
1
Suppose 0*i + i = 13. What is the remainder when 36 is divided by i?
10
Let b(s) = 6 + 4*s - 2*s + 0*s. Calculate the remainder when b(6) is divided by (14/4)/((-5)/(-10)).
4
Let w = -2 + 6. Suppose 3*l - 14 = w*z, -3*l - 3*z + 22 = -2*l. Calculate the remainder when l is divided by ((-16)/6)/((-4)/6).
2
Let z = -71 - -77. Let m = 4 + 7. What is the remainder when m is divided by z?
5
Let y = 77 - 27. Calculate the remainder when y is divided by 13.
11
Suppose 0 = -2*u + n + 17, -4*n - 3 - 2 = -u. Suppose u = r - 4. Let x(p) = 2*p**3 - 2*p**2 - 3*p - 2. What is the remainder when x(3) is divided by r?
12
Suppose 5*p + 0 + 5 = 5*o, 27 = -5*o - 3*p. What is the remainder when 40 is divided by (-1)/o - (-328)/24?
12
Let g(v) = 3*v**2 + 8*v + 5. Let s(m) be the first derivative of -m**2/2 + 14*m + 1. Calculate the remainder when g(-5) is divided by s(0).
12
Suppose 5*n + 4*b = 18, -4*b = 3*n - 7 - 7. Let c(i) = 8*i - 6*i**2 + n + 15*i**2 + 9 + i**3. Calculate the remainder when 20 is divided by c(-8).
9
Let c(f) = f - 1. Let a(u) = -14*u + 2. Let q(p) = -a(p) - 6*c(p). What is the remainder when q(5) is divided by 15?
14
Let l be (45/(-6))/((-3)/18). Suppose 5*x - l = -w, -2*w + 2 = 4*x - 40. Calculate the remainder when x/(-3)*36/(-8) is divided by 7.
5
Suppose -5*d + 91 = -2*l, 2*d - l - 27 = 10. What is the remainder when 50 is divided by d?
16
Let u(d) = 8*d**2 + d. Suppose 0 = 5*b - f, -3*f = 5*b - 6*f. What is the remainder when (b + 1)/((-3)/(-78)) is divided by u(1)?
8
Suppose -2*z - 6*n + n - 15 = 0, -15 = -2*z + 5*n. Suppose -4*i + 24 = -z*i. What is the remainder when (-2)/i - 196/(-12) is divided by 9?
7
Let m(x) = -x**3 + 7*x**2 - 2*x. Calculate the remainder when m(5) is divided by 11.
7
Let n(g) = -2 - 4*g**3 + 2*g**3 - 2*g**2 + 0*g**3. Suppose 0 = q - 14 + 3. Calculate the remainder when q is divided by n(-2).
5
Let g be 1 + 0 + (-4)/2. Let y(r) = -3*r**3 + 2*r**2 - r - 2. What is the remainder when 6 is divided by y(g)?
2
Let f = 14 - 2. Let r(z) = -z + 9. Let v be r(6). Suppose v*j - 53 = -2*p, p - j = -p + 73. Calculate the remainder when p is divided by f.
10
Let u = 521 - 341. What is the remainder when u is divided by 23?
19
Suppose -220 = 25*x - 27*x. What is the remainder when x is divided by 38?
34
Let a(h) = -h**3 - 9*h**2 - 14*h + 7. Suppose 5*k - 4*k + 7 = 0. Let v = 1 - -2. Calculate the remainder when a(k) is divided by v.
1
Let z = -207 - -345. What is the remainder when z is divided by 20?
18
Suppose -5*j + 5*w = -2*j - 116, -2*w = -3*j + 122. Suppose 3*t + 11 = s, -t + j = 2*s + 3*t. Calculate the remainder when 48 is divided by s.
14
Let u = 23 - 14. Suppose 2*h - 4*h = -30. Calculate the remainder when h is divided by u.
6
Suppose 2*o - 142 = 4*i, 0 = 2*o + 5*i - 4*i - 162. What is the remainder when o is divided by 17?
11
Suppose r - 29 = -10. What is the remainder when 69 is divided by r?
12
Calculate the remainder when ((-7)/21)/(2/(-12)) is divided by 2.
0
Let n = -4 + 8. Let a(r) = n*r - 4*r**2 + 0*r**2 - 1 + 8*r**2 - 3*r**3 + 4. Calculate the remainder when a(-2) is divided by 12.
11
Suppose -r - 1 = t - 2*t, 2*t = r + 6. Suppose -4*m + 10 = -6. What is the remainder when t is divided by m?
1
Let v(n) = 20*n - 2. Let a be v(2). Let x = a + 0. What is the remainder when x is divided by 10?
8
Let o(v) = 5*v**2 - 2*v - 7. Let f(b) = -b**2 + b + 1. Let k(h) = -6*f(h) - o(h). Suppose -y + 3 + 2 = 0. Calculate the remainder when 16 is divided by k(y).
4
Suppose 0 = -v - 0*v + 25. What is the remainder when 74 is divided by v?
24
Let b = -20 - -48. Suppose 178 = 4*j - 22. Let c = j - b. Calculate the remainder when c is divided by 8.
6
Suppose -3*g + 6 = -2*g. What is the remainder when 3/(-6) - (-15)/g is divided by 1?
0
Let v be (-4 - -2) + 3 + 2. Suppose -c + v*c = 0. Suppose -3*k = -n - 129, -k + c*k + 47 = n. Calculate the remainder when k is divided